 common divisor of 511471 and 354.
59
Calculate the highest common factor of 1520 and 743040.
80
Calculate the highest common factor of 31 and 19.
1
Calculate the greatest common factor of 969 and 78132.
51
Calculate the highest common factor of 2446773 and 987.
987
What is the greatest common divisor of 138 and 382260?
138
What is the greatest common factor of 99 and 474177?
33
What is the highest common divisor of 126 and 693?
63
What is the greatest common factor of 23040 and 390?
30
Calculate the greatest common divisor of 5187 and 827697.
741
Calculate the highest common factor of 212153 and 1412.
353
What is the greatest common divisor of 21 and 218967?
21
Calculate the greatest common factor of 11781 and 2625.
21
What is the highest common factor of 56120 and 46055?
305
What is the highest common divisor of 3916 and 40228?
356
What is the greatest common divisor of 85 and 2859145?
85
Calculate the highest common divisor of 8 and 465208.
8
What is the greatest common factor of 6244 and 1344?
28
What is the highest common divisor of 8742 and 12?
6
Calculate the greatest common factor of 1089 and 26730.
99
What is the greatest common factor of 64042 and 42394?
902
What is the highest common divisor of 105638 and 1326?
442
Calculate the highest common divisor of 11376 and 4176.
144
Calculate the highest common factor of 50416 and 160.
16
What is the highest common divisor of 6386 and 3914?
206
Calculate the highest common factor of 250 and 465250.
250
Calculate the greatest common divisor of 3281 and 425.
17
What is the highest common factor of 440 and 185020?
220
What is the highest common divisor of 1610 and 190330?
70
Calculate the highest common factor of 128 and 79616.
128
What is the greatest common factor of 7157 and 459?
17
What is the greatest common divisor of 17899 and 7?
7
What is the greatest common divisor of 16060 and 594?
22
Calculate the highest common divisor of 57 and 314583.
57
Calculate the greatest common factor of 2800 and 2210950.
350
Calculate the highest common divisor of 1452 and 1207338.
726
Calculate the greatest common factor of 20 and 279070.
10
Calculate the highest common divisor of 24 and 590512.
8
What is the greatest common divisor of 2565 and 15606?
27
What is the highest common divisor of 983147 and 643?
643
Calculate the greatest common divisor of 97 and 2488244.
97
What is the highest common factor of 402311 and 13?
13
What is the highest common factor of 1 and 286457?
1
Calculate the greatest common divisor of 454 and 134.
2
Calculate the greatest common divisor of 42 and 23457.
21
Calculate the highest common factor of 105624 and 54.
54
What is the highest common divisor of 3255728 and 3280?
656
Calculate the highest common factor of 6016 and 2350.
94
Calculate the highest common factor of 6580 and 23660.
140
Calculate the highest common factor of 5829390 and 42.
42
What is the greatest common factor of 115668 and 2380?
476
Calculate the highest common divisor of 732350 and 97.
97
Calculate the highest common factor of 780 and 5941.
13
Calculate the greatest common divisor of 2014 and 5618.
106
What is the highest common divisor of 8 and 23596?
4
What is the greatest common divisor of 17 and 7691?
1
Calculate the greatest common factor of 514 and 1357.
1
What is the highest common divisor of 82113 and 303?
303
What is the greatest common divisor of 13581364 and 158?
158
Calculate the greatest common factor of 4654 and 26.
26
What is the highest common factor of 4557 and 490?
49
Calculate the greatest common divisor of 12844 and 15580.
76
Calculate the greatest common factor of 8268535 and 158.
79
Calculate the highest common divisor of 60432 and 24.
24
What is the highest common factor of 567508 and 3370?
674
What is the greatest common factor of 10 and 344940?
10
What is the highest common factor of 8483 and 12308?
17
Calculate the greatest common divisor of 2991 and 1689.
3
What is the highest common factor of 282 and 343194?
282
Calculate the greatest common factor of 47175 and 2193.
51
What is the highest common factor of 191400 and 21120?
1320
What is the greatest common factor of 21930 and 11094?
258
Calculate the highest common divisor of 274911 and 55650.
1113
Calculate the highest common factor of 768 and 5547264.
768
Calculate the greatest common divisor of 1026349 and 2815.
563
What is the greatest common factor of 429989 and 532?
133
What is the greatest common divisor of 14619 and 886?
443
What is the greatest common divisor of 1292 and 6764?
76
Calculate the highest common divisor of 77 and 218449.
77
Calculate the highest common divisor of 8096 and 56488.
184
Calculate the greatest common factor of 1105 and 3575.
65
Calculate the highest common factor of 642274 and 118.
118
Calculate the highest common factor of 77840 and 224.
112
Calculate the highest common factor of 852 and 153147.
213
Calculate the greatest common divisor of 18515 and 690.
115
Calculate the highest common divisor of 26004 and 22.
22
Calculate the highest common divisor of 46620 and 540.
180
Calculate the greatest common divisor of 865 and 196009.
173
Calculate the greatest common factor of 36 and 134052.
12
What is the greatest common factor of 1972 and 116?
116
Calculate the highest common divisor of 434 and 37975.
217
What is the greatest common divisor of 5868659 and 787?
787
What is the greatest common factor of 128 and 4478?
2
Calculate the greatest common divisor of 178 and 301888.
178
What is the highest common divisor of 1965132 and 17?
17
What is the highest common factor of 4717 and 2403?
89
Calculate the highest common divisor of 1128 and 94188.
564
Calculate the greatest common factor of 33 and 4779423.
33
What is the highest common divisor of 912 and 141?
3
Calculate the greatest common factor of 57002 and 22.
22
What is the greatest common factor of 453 and 143903?
151
Calculate the highest common divisor of 425 and 5729.
17
What is the greatest common divisor of 21650 and 2000?
50
Calculate the highest common factor of 141384 and 774.
258
What is the highest common factor of 5890 and 5871?
19
Calculate the highest common divisor of 954 and 38637.
477
Calculate the highest common divisor of 82270 and 1710.
190
What is the greatest common factor of 30 and 11052?
6
What is the greatest common factor of 41223 and 203?
7
What is the greatest common factor of 10549 and 3949?
11
Calculate the highest common divisor of 110 and 90585.
55
What is the highest common factor of 1141210 and 3570?
1190
What is the highest common divisor of 1095 and 4682001?
219
Calculate the greatest common divisor of 55533 and 23861.
107
Calculate the highest common divisor of 8 and 6011.
1
What is the greatest common divisor of 1853 and 6431?
109
Calculate the greatest common divisor of 2870 and 13120.
410
What is the highest common divisor of 2081426 and 388?
194
Calculate the highest common divisor of 63 and 548415.
63
Calculate the greatest common divisor of 1020 and 289020.
60
Calculate the highest common factor of 1500075 and 450.
225
What is the greatest common divisor of 440 and 13268200?
440
What is the highest common divisor of 274017 and 48891?
1137
Calculate the highest common factor of 1338 and 4237.
223
Calculate the highest common factor of 3 and 12783.
3
Calculate the greatest common divisor of 5730 and 150.
30
Calculate the highest common factor of 918 and 1376541.
459
What is the greatest common factor of 96844 and 3692?
284
What is the highest common factor of 18603 and 5883?
159
Calculate the highest common divisor of 5670 and 876582.
1134
What is the greatest common divisor of 14 and 64918?
14
Calculate the greatest common factor of 682152 and 344.
344
Calculate the greatest common factor of 17883 and 171.
9
What is the greatest common factor of 40 and 56608?
8
Calculate the greatest common divisor of 2088 and 24708.
348
Calculate the greatest common divisor of 110027 and 47.
47
Calculate the greatest common factor of 70857 and 27.
9
Calculate the highest common divisor of 18 and 1276398.
18
Calculate the greatest common divisor of 1227 and 63.
3
Calculate the greatest common factor of 368144 and 464.
16
Calculate the greatest common divisor of 1209906 and 36.
18
What is the greatest common divisor of 10